he prime factors of o?
3, 5
Let w = 83 + -11. Let s(f) = -3*f**3 - 2*f**2 - 4*f - 3. Let y be s(-2). Let a = w - y. What are the prime factors of a?
3, 17
Suppose 0 = 5*j + l - 646, 3*l + 358 = 3*j - 26. Suppose -15*v + 14*v = -j. List the prime factors of v.
3, 43
Let t(h) = -h**3 - 12*h**2 - 14*h - 11. Let a be t(-11). Let w = a + -14. What are the prime factors of w?
2
Let i(j) = 75*j**3 + j**2 - 1. Let k be i(-1). Let u be (60/k)/(4/10). What are the prime factors of (u - -4)*(-10)/(-4)?
5
Suppose -3*n = h - 0*h + 8, 3*n = 3*h - 12. Let q be (-12)/9*1*n. Suppose -3*p + 4*v = -2*p - 31, -q*v + 12 = 0. List the prime factors of p.
43
Suppose 0 = -14*g + 10*g + 5*a + 1553, -4*a = 2*g - 744. What are the prime factors of g?
2, 191
Suppose -l - 1 = 0, 0 = -q - 3*l + 2*l + 18. Let t = 56 - 54. What are the prime factors of 3 + q - (t - 0)?
2, 5
Let m = 30 - 24. List the prime factors of (-2)/m + (-320)/(-24).
13
Suppose -296*y = -273*y - 53038. List the prime factors of y.
2, 1153
Suppose -3*j = -4*h - 1023, -j - 5*h + 428 = 68. What are the prime factors of j?
3, 5, 23
Suppose 0 = -5*r - 4*m + 433, -5*m = -2*r - 37 + 230. Let f = 19 + r. Suppose f = 4*o - 4*z + z, 2*o = -3*z + 72. What are the prime factors of o?
2, 3, 5
Suppose 163 = -4*q + 3443. Suppose 4*t = -2*y + q, t - 5*y = -8*y + 215. List the prime factors of t.
7, 29
Suppose -4200 = -41*j + 21*j. List the prime factors of j.
2, 3, 5, 7
Let m be 2002/247 + (-4)/38. What are the prime factors of ((-90)/(-3))/(m/12)?
3, 5
Let j be (-16)/6 - 95/(-57). List the prime factors of (4/(-1))/(j - (-118)/122).
2, 61
Suppose 92*z + 735 = 99*z. List the prime factors of z.
3, 5, 7
Let i(g) be the first derivative of g**3/3 + 5*g**2 + 5*g + 3. List the prime factors of i(-14).
61
Let w be (-6616)/88 + 5/((-165)/(-6)). Let q = w - -135. List the prime factors of q.
2, 3, 5
Let q be 6/15 - (-4)/(-10). Suppose 5*y - 490 + 105 = q. What are the prime factors of y?
7, 11
Let d be 3246/7 + (-4)/(-14). List the prime factors of 16/48*(d - -1).
5, 31
Let z be (-2)/8*-2*4. Let l(g) = -g**2 - 12*g - 15. Let q be l(-10). Suppose 2*s - 2*w + q - 53 = 0, -57 = -3*s - z*w. What are the prime factors of s?
3, 7
Let b be 9/15 - (-30)/(-50). Suppose -190 = -2*s - b*s. List the prime factors of s.
5, 19
Let f be -1 + 6/2 + (-4)/2. Suppose f = -5*q + 4*b - 0*b + 482, 5*q + b = 492. List the prime factors of q.
2, 7
Suppose 4*a = -a + 25. Let p be 40/a + (2 - 4). Let b = p + 22. List the prime factors of b.
2, 7
Let v(z) = -z**2 - 6*z + 2. Let f(s) = s + 9. Let q be f(-15). Let j be v(q). Suppose -2*d + o + 0*o = -97, 4*o + 112 = j*d. List the prime factors of d.
2, 23
Suppose -2*u + 696 = 3*v, 2*v - 2*u = v + 232. List the prime factors of v.
2, 29
Let n(m) = 3*m + m + 1 + 0*m + 3. Let g be n(-4). Let c = g + 28. List the prime factors of c.
2
Let g(b) = b**2 + 6*b - 10. Let f be g(-8). Let n(l) = -l**3 + 7*l**2 + 7*l - 5. List the prime factors of n(f).
73
Let l = 191 + 102. Suppose -59 = 6*z - l. List the prime factors of z.
3, 13
Suppose -b - 367 + 56 = 2*y, -b - 467 = 3*y. Let q be (48 - -5)/(2/(-4)). Let o = q - y. What are the prime factors of o?
2, 5
Let w(b) be the second derivative of 41*b**3/6 - 3*b**2/2 + 23*b + 8. Suppose 4*t + 0*t - 29 = 5*j, t = -5*j - 24. What are the prime factors of w(t)?
2, 19
Let j be (5 - 6)/((-2)/98). Let s = j - -59. List the prime factors of s.
2, 3
Suppose 5*o - 147 = -5*s + s, 0 = 3*o + 3*s - 87. Suppose -16*x + o = -15*x. List the prime factors of x.
31
Suppose 5 - 3 = g. Suppose -2*m + g*x + 10 = 0, 0 = -4*m - m - 2*x + 4. Let u = m - -30. List the prime factors of u.
2
Suppose -4*m - 4*q + 248 = 0, 2*m + 3*q = 3*m - 54. Suppose m = 5*x + 4*t, 2*x = -x - t + 36. List the prime factors of 36/(0 + 8/x).
2, 3
Let p = -36 - -37. List the prime factors of 642/8 - p/4.
2, 5
Suppose o = 6*o + 4*b, -5*b = o. Suppose 4*k = 2*g + 536, -5*g = -o*k - k + 134. List the prime factors of k.
2, 67
What are the prime factors of 8/(-6)*23415/(-70)?
2, 223
Suppose 4*k + 406 = -314. Let v = k - -305. List the prime factors of v.
5
Let v(z) be the second derivative of z**4/12 - 2*z**3/3 + 5*z**2/2 - z. Suppose -7*t + 44 = 2. What are the prime factors of v(t)?
17
Let o = -15 + 20. Suppose 2*z + 20 = 3*b - b, -z - 2 = -o*b. List the prime factors of -1 - -4 - z/4.
2, 3
Suppose g = 3*r - 3215, -3*g - 9 = -3. What are the prime factors of r?
3, 7, 17
Let o = -13 + 18. Suppose -n = o*n - 438. What are the prime factors of n?
73
Let x(j) = j**3 + j**2 + 1. Let k be x(-2). Let i be ((1 - 0) + 0)*k. Let n = 15 + i. List the prime factors of n.
2, 3
Suppose 0 = -3*s + 528 + 420. Let x = -174 + s. List the prime factors of x.
2, 71
Let n(x) = 59*x - 13. Let i be n(4). Suppose -4*m + 10 = m, -i = -3*h - 2*m. What are the prime factors of h?
73
Let t(c) = 33*c**2 - 83*c + 5. List the prime factors of t(6).
5, 139
Let y be 12/(-2)*2/(-4). Let w be 0 + 0/3 + y. Suppose -w*i = d - i - 30, 3*d - 45 = 3*i. What are the prime factors of d?
2, 5
Let l(g) be the second derivative of 0 + 3/2*g**2 + 8*g - 4/3*g**3. List the prime factors of l(-5).
43
Suppose 0 = g + 4*y + 7, g - 4*g + 5*y + 30 = 0. Let q(d) = 8*d**2 - 6*d - 1. List the prime factors of q(g).
13
List the prime factors of (-3)/6 - (-2 + 1197/(-6)).
3, 67
Suppose 2*j - 240 = 17*j. Suppose 4*i - n - 89 = 0, 0 = 3*i + 4*n - 9*n - 54. Let p = i + j. What are the prime factors of p?
7
Let p(j) = -44*j - 29. List the prime factors of p(-4).
3, 7
Let n(m) = m**2 + m - 1. Let x(k) = k**3 - 6*k**2 + 8. Let w(j) = -n(j) + x(j). Let t be w(7). Suppose -20 = -2*o - t*o. List the prime factors of o.
5
Let q be 53 + (4/4 - -3). Let n = q - 20. Suppose n = 3*d + 4*a, d + 5*a - 16 = -0*a. List the prime factors of d.
11
Suppose 26*n - 21*n + 185 = 0. Let s(v) = -v**3 + 6*v**2 - 4*v - 7. Let l be s(5). Let f = l - n. What are the prime factors of f?
5, 7
Let w be (-24)/(-16)*(-8)/(-6). Suppose 0 = -5*l - 5, 0*l - w*l + 94 = 2*z. What are the prime factors of z?
2, 3
Let b(n) = 2*n**2 + 6*n + 4. Let w be 2/6 + 160/24. What are the prime factors of b(w)?
2, 3
Let v(w) = -7*w + 17. Let o(y) = 7*y - 17. Let p(t) = -4*o(t) - 3*v(t). List the prime factors of p(-13).
2, 3
Let p = 5803 - 1441. What are the prime factors of p?
2, 3, 727
Let g = 4 - 2. Suppose 0 = b + 2*t - 260, 18*b - 5*t = 15*b + 758. Suppose 3*z + z = -g*k + 332, -3*z - 5*k = -b. List the prime factors of z.
2, 41
Suppose 9*t - 5*t + 144 = 0. List the prime factors of 2/1*(-270)/t.
3, 5
Let q(p) = -p**3 + 20*p**2 - 20*p - 26. What are the prime factors of q(18)?
2, 131
Suppose 0*n - 3*h = 3*n - 228, -4*h = -4*n + 272. Suppose n = -0*k + 3*k. What are the prime factors of k?
2, 3
Suppose 13 = -3*z + 8*z + t, 0 = -4*z + 2*t + 16. Let p(d) = 2*d**3 - d**2. Let q be p(z). Let g = q + -24. What are the prime factors of g?
3, 7
Suppose 3*m - 4*o - 5 = 4*m, 2*o = -5*m - 79. Let s be -2 - 1 - 136/m. Suppose s*r = 194 + 56. List the prime factors of r.
2, 5
Let g(p) = -p**3 - 9*p**2 + 13*p + 6. Let o be g(-9). Let u = -64 - o. List the prime factors of u.
47
Let p = 176 - 98. Let l = p - -18. What are the prime factors of l?
2, 3
Let y be 2/(-11) + 4008/22. Suppose w - y = -2*u, -3*w + u + 464 = -61. List the prime factors of w.
2, 11
Let r(s) be the third derivative of s**5/60 + 5*s**4/12 + 10*s**3/3 + 19*s**2. What are the prime factors of r(-12)?
2, 11
Suppose -2*g - 814 = -1050. List the prime factors of g.
2, 59
Let j = -1747 - -3056. Suppose 4*n - j = -3*n. List the prime factors of n.
11, 17
Let r be ((-25)/20)/((-4)/32). Let i = -15 + 22. Let u = r + i. What are the prime factors of u?
17
Let s = 3557 + -1795. List the prime factors of s.
2, 881
Suppose -w + 4*w = 0. Suppose w = -f + 3*f - 42. Let s = -13 + f. What are the prime factors of s?
2
Suppose 107*c = 110*c - 3297. What are the prime factors of c?
7, 157
Let q(f) = -f**3 + 7*f**2 + 2*f - 4. Let p be (-2)/4 - (4 - 69/6). What are the prime factors of q(p)?
2, 5
Suppose -22*g + 12214 = 9*g. List the prime factors of g.
2, 197
Let w(r) = -2*r + r - 6*r + 3 + r. What are the prime factors of w(-6)?
3, 13
Let u = -184 + 652. What are the prime factors of u?
2, 3, 13
Let m(f) = 4 - 7*f - f**2 + 5*f**2 + 4*f**2 - f**3. Let k be m(7). Suppose 2*g - 4*